1. What are the prime factors of h?
89
Let x(o) be the first derivative of 5 + 0*o + o**3 + 1/2*o**2. List the prime factors of x(3).
2, 3, 5
Suppose o + 5*x = -355, 5*x + 243 = -2*o - 492. List the prime factors of (-8*1)/(o/94 + 4).
2, 47
Let w be 2 + -1 - (-12 - -3). What are the prime factors of (-1143)/(-7) + w/(-35)?
163
Let u(f) = 3*f**3 - 2*f**2 - 6*f. Let a be u(6). Suppose -2*j = -6*j + a. What are the prime factors of (-1)/(2 - j/66)?
2, 11
What are the prime factors of 9438/16 - ((-99)/88 - -1)?
2, 5, 59
Suppose -62 = -4*a + 290. Suppose 0 = 4*t - 15*t + a. What are the prime factors of t?
2
Suppose s - 245 = 3*g - 54, -315 = 5*g - 5*s. Let m be (1/2)/((-8)/g). List the prime factors of 50/m - (-2)/4.
13
Suppose -4*f = 0, -173 = -2*u + 5*f + 1617. What are the prime factors of u?
5, 179
Suppose j + y + 5 = 0, y = -2*y + 12. Let p(t) be the second derivative of -t**3/6 + 4*t**2 + 106*t. What are the prime factors of p(j)?
17
Let p(d) = -d**3 - 10*d**2 + 10*d - 9. Let k be p(-11). Suppose -k*m = -m - 3. Suppose m*w = 7 + 14. What are the prime factors of w?
7
Let v = -2 + 3. Let o be 47/2 + v/(-2). What are the prime factors of (-1)/((-1)/o - 0)?
23
Suppose -4*i - y + 8 = 0, -5*i + 5*y + 8 = -2. Suppose 3*b - 8 = 7, i*l - 2*b + 34 = 0. What are the prime factors of -15*(-2 - l/9)?
2, 5
What are the prime factors of (-317538)/(-391) + 4/(-34)?
2, 7, 29
Suppose -5*v - q + 3954 = 0, 5*v - 1587 = 5*q + 2343. What are the prime factors of v?
2, 5, 79
Suppose 3*g = -g - 2*t + 110, 0 = -5*g + 2*t + 142. Let z = g + -25. What are the prime factors of z?
3
Suppose 5*m + 96 = 286. Suppose 5*t - 665 = 5*w, t - 3*w - m = 101. List the prime factors of t.
2, 5, 13
Let x be 4 + (-3 - (-1 - 122)). Suppose 128*l - x = 126*l. List the prime factors of l.
2, 31
Suppose 10*y = 16 + 4. Suppose 0 = -4*l + 5*d + 684, 368 = y*l + 8*d - 4*d. List the prime factors of l.
2, 11
Suppose 4*z - 6 - 2 = 0. Suppose 0 = -z*a - 2*w - w + 239, 5*w = -a + 109. What are the prime factors of a?
2, 31
Suppose 11*d + 3 - 36 = 0. Suppose 267 = d*f - 435. List the prime factors of f.
2, 3, 13
Let d(l) = 15*l + 4. Let r be d(10). Let y = r - 89. List the prime factors of y.
5, 13
Let f be (-15)/(-2)*32/40. Let v be 140/(-15) + (-4)/f. List the prime factors of (v/4)/((-3)/78).
5, 13
Let y = -121 - -204. Let h = 166 - y. What are the prime factors of h?
83
Let w = -845 - -2993. What are the prime factors of w?
2, 3, 179
Let p = -6 - -51. Let k = p - -72. List the prime factors of k.
3, 13
Let t be 3 + -14 - (-2 - 0). Let m(d) = 11 - d + 5*d - 3*d - 2*d**3 - 9*d**2 + d**3. List the prime factors of m(t).
2
Let r = 9045 - 5068. What are the prime factors of r?
41, 97
Let f(l) = -l**2 + l**2 + 2*l + l**3 - 3*l**2 + 2. List the prime factors of f(4).
2, 13
Suppose 4*u = 9*u. Suppose u*x = -4*x + 176. Suppose f - x + 1 = 0. List the prime factors of f.
43
List the prime factors of 55/165*1311/1.
19, 23
Let p(x) = 39*x**2 + 4*x. Let l(t) = 19*t**2 + 2*t. Let b(o) = -11*l(o) + 6*p(o). What are the prime factors of b(2)?
2, 13
Let v = -116 + 322. List the prime factors of v.
2, 103
Let f(p) be the second derivative of -19*p**6/720 + p**4/12 - 4*p. Let u(r) be the third derivative of f(r). List the prime factors of u(-1).
19
Let d(n) = -n**2 - n - 5. Let p be d(-13). Let t = 245 + p. List the prime factors of t.
2, 3, 7
Let k = 1479 - 1351. Let q be 0 + 0*2/4. Suppose 0 = -4*w - 17 + 1, -2*n + 4*w + k = q. What are the prime factors of n?
2, 7
Suppose -6*a = 4*j - a - 10876, -4*j + 10868 = 3*a. List the prime factors of j.
2, 23, 59
List the prime factors of 569/((-49)/(-14) + -3).
2, 569
Let m = -705 - -1429. List the prime factors of m.
2, 181
Let o(k) = -6*k**3 - 2*k**2 + 3*k - 6. Let q be o(2). What are the prime factors of (4/14 - (-450)/q)*-20?
5, 31
Let n be ((-246)/(-41))/(-1*-2*1). Suppose 278 = n*q - 154. List the prime factors of q.
2, 3
Let o(z) = z**2 - 11*z + 6. Suppose -5*p + 8 = -3*p. Suppose p*d - 21 = 27. List the prime factors of o(d).
2, 3
Let d be (-16)/(-8) + -192 + 1. Let l = d + 30. Let a = -112 - l. What are the prime factors of a?
47
Suppose -4*f + f + 50 = 4*v, -2*f + 37 = -v. Suppose t + r + 3*r = 94, 0 = -3*t + r + 269. Suppose t + f = 2*i. What are the prime factors of i?
2, 3
Let j = 171 + 71. List the prime factors of j.
2, 11
Let z be (0 + -3)*(-13 + 12). Suppose 3*t - 3*f + 65 = 4*t, -z = -f. What are the prime factors of t?
2, 7
Suppose 0 = 2*h + 4*n - 454, 0*h + 2*h = -3*n + 456. Let d = h - 73. What are the prime factors of d?
2, 79
Let a be 9 - 5 - 3 - (-2 - 0). Suppose 15*k - 395 = 13*k - a*t, 0 = 4*k - 4*t - 800. What are the prime factors of k?
199
List the prime factors of 2698/7 + 24/42.
2, 193
Let b(v) = v**2 - 18*v + 8. Let s be b(-13). Suppose 2*o = -o + s. What are the prime factors of o?
137
Suppose -311 - 709 = -5*z. What are the prime factors of z?
2, 3, 17
Suppose 99 - 71 = 2*z. Suppose -18*m + z*m = -872. What are the prime factors of m?
2, 109
Let d = -7 + 10. Let f be ((-6)/(-8))/((-5)/(-20)). Suppose 5*s = 4*u + 13, f*s + 4*u + d = 30. What are the prime factors of s?
5
Suppose 0 = 14*n + 26245 - 83533. List the prime factors of n.
2, 3, 11, 31
Let c(b) = 2*b**2 - 85*b + 41. What are the prime factors of c(-21)?
2, 677
Let h = 546 - 378. Suppose 5*g = h + 97. Suppose 15 = 4*f - g. What are the prime factors of f?
17
Let x(f) = -5*f**3 + 5*f**2 + 5*f - 3. What are the prime factors of x(-3)?
2, 3
Let z(i) = -3*i**2 + 21*i - 11. Let c(a) = 4*a**2 - 21*a + 10. Let t(l) = -4*c(l) - 5*z(l). Let q = 2 - 21. List the prime factors of t(q).
53
Suppose -10*v - 7335 = -25*v. Suppose -5*i = -3*u - v, 2*i + 3*u - 4 = 179. What are the prime factors of i?
2, 3
Suppose b + 3*b = 8. Let x be -5*(-3 + 56/20). List the prime factors of 1*((24 - x) + b).
5
Suppose 66 = -37*f + 26*f. Let a = -1 - 0. List the prime factors of ((-76)/(-8))/(a/f).
3, 19
Suppose 2*i + 4*m - 1033 = -401, 0 = -5*m - 25. List the prime factors of i.
2, 163
Let p(r) = 2*r**2 - 2*r - 7. Let d be p(9). Suppose -3*a = -5*a - 3*j + d, -3*j + 365 = 5*a. List the prime factors of a.
2, 19
What are the prime factors of (-5823)/(-2)*(-1080)/(-1215)?
2, 647
Let i(w) = 2*w**2 - 9*w + 12. Let j be i(2). Suppose -j*z - 86 = -538. What are the prime factors of z?
2, 113
Suppose o - 20 = 2*o + 2*b, 0 = -b. Suppose -3*k - 2*k = 190. Let v = o - k. What are the prime factors of v?
2, 3
Suppose -q + 6 - 3 = 0, 5*q = -b + 3. Suppose 4*p = 3*p - 52. Let n = b - p. List the prime factors of n.
2, 5
Suppose 0 = 6*d + 5*d - 506. Suppose d + 161 = m. List the prime factors of m.
3, 23
Let y be 8/196*7 + 38/14. Suppose -y*o - 2*o = -910. List the prime factors of o.
2, 7, 13
Let d(x) = -x - 1526. Let b be d(0). Let w be b/(-77) - 4/(-22). Let s = w + -14. What are the prime factors of s?
2, 3
Let q be 9/(-72) - 78/16. Let b(z) = -z**3 - 5*z**2 - 5*z - 3. What are the prime factors of b(q)?
2, 11
Let q(o) = o + 22. Let j be q(-10). Suppose 4 = -3*y - 5, 0 = p - 2*y - j. What are the prime factors of p?
2, 3
Suppose -50011 = -96*r + 83*r. What are the prime factors of r?
3847
Let b be ((-1)/3)/((-1)/51). Let g(c) = -c**2 + 22*c - 7. What are the prime factors of g(b)?
2, 3, 13
Suppose -5*n - 23 = l - 2*l, -l = 2*n + 5. What are the prime factors of 3 + -4 + (-174)/(-2) + n?
2, 41
Let p be 1 + 3 + 69*3. Suppose -8*j + 461 = -p. List the prime factors of j.
2, 3, 7
Suppose -2*f = 12 - 848. List the prime factors of f.
2, 11, 19
Let k = 508 - 302. Suppose 1314 = 10*m - k. List the prime factors of m.
2, 19
Suppose -3*n + 1604 = 5*t, -t + 4*n + 330 = -0*t. Suppose 3*d - d + 70 = v, -t = -5*v + 3*d. List the prime factors of v.
2, 31
Let x = 7156 - 4346. What are the prime factors of x?
2, 5, 281
Suppose -2*z - 28 = -4*q, -4*q + 10*z = 5*z - 22. Suppose 5*x - 14 = a, 0 = 2*x - 0*a + a. Suppose -l + x = -q. List the prime factors of l.
2, 5
Suppose 0*b + 15 = 3*b. Suppose -n + b*v + 48 = 6*v, -v - 124 = -3*n. What are the prime factors of n?
43
Suppose 3*o + 701 = 3*i - o, 5*i - 1151 = -2*o. Let l = -165 + i. List the prime factors of l.
2, 3, 11
Let g be (12 - 11)/(2/254). Let u = g + -72. What are the prime factors of -2*(u/2)/(-5)?
11
Let r be 67 - 1 - (1 - 0). What are the prime factors of 249/13